Suppose -c*n + 229 = -363. What are the prime factors of n?
2, 37
Suppose 0 = s + 5*r - 16, 4*s - 6*s = -5*r + 28. What are the prime factors of -9 - -627 - 0*4/s?
2, 3, 103
Let o(z) = -z - 2. Let x be o(-6). Let i be -3 + 0 + 0/x. List the prime factors of -33*((-30)/9 - i).
11
Suppose 0*v + 3*q = v - 19, -4*q - 42 = -2*v. Suppose -v = -3*u - 7. What are the prime factors of (-1 - 58/6)*u/(-4)?
2
Let l(r) = 17*r - 51. Let x be l(12). Suppose -5*i - x = -1693. What are the prime factors of i?
2, 7, 11
Let v(m) be the second derivative of 19/6*m**3 - 49/2*m**2 + 0 - 21*m. What are the prime factors of v(9)?
2, 61
Let m = 83 - 171. Let d = 126 - m. What are the prime factors of d?
2, 107
Let a(k) = -7257*k + 3862. What are the prime factors of a(-3)?
25633
Let h(v) = 3*v - 15. Let b be h(6). Suppose b*s = 8 - 86. What are the prime factors of (-42)/4*(s - -6)?
2, 3, 5, 7
Suppose 0*c - 4*b = -4*c + 1000, 1255 = 5*c - 4*b. Suppose -d = -4*t + 2384, 0 = -t - 4*d + 341 + c. What are the prime factors of t?
2, 149
Let c(f) be the first derivative of -f**3/3 + 17*f**2/2 - 16*f - 7. Let v be c(8). Suppose -5*k - v = -246. List the prime factors of k.
2, 19
Let w(y) = -19*y - 124. Let c be w(-7). Let d be 6932/7 + 2/(-7). Suppose 3*v - c*v + d = 0. What are the prime factors of v?
3, 5, 11
Suppose 10*s - 67 = 383. What are the prime factors of (694/3)/(-8 - (-370)/s)?
3, 347
Suppose -5*t - 5*b = -b - 129474, -b = -6. List the prime factors of t.
2, 3, 5, 863
Suppose 2*g - 3*g - 2*w = -2, -14 = -4*g - 5*w. Suppose 0 = g*l - 2190 - 1890. Suppose -2*j = 6*j - l. What are the prime factors of j?
5, 17
Let u(m) = -3*m. Let q be u(1). Let y(w) = -4*w**3 + 38 - 3*w - 43 - 2*w**2 + 3*w**3. List the prime factors of y(q).
13
List the prime factors of (-9 + (-150)/(-18))*3894/4*-19.
11, 19, 59
Let s(f) = 6*f**2 + f**3 - 225*f + 478*f - 242*f + 12. Let m be s(-4). Suppose 4*u + 2*c + m*c = 546, 690 = 5*u + 5*c. List the prime factors of u.
3, 5
Suppose 0*r - 15 = -3*r. Suppose -w + 2*w + 12 = -r*x, -w - x = 0. List the prime factors of (3320/(-60))/((-2)/w).
83
Let b = 19 + -14. Suppose 0 = -4*u - 2*z - 280, -2*z - 61 = b*u + 287. Let n = 121 + u. List the prime factors of n.
53
Let o(u) = 1677*u**2 + 190*u - 744. What are the prime factors of o(4)?
2, 839
Let a = 3281 + 16885. What are the prime factors of a?
2, 3, 3361
Suppose -4*j + t + 1695 = 0, -4*j = t + 903 - 2608. Suppose j = 36*w - 763. List the prime factors of w.
3, 11
Let q(o) be the first derivative of -3*o**2/2 + 27*o - 33. Let x be q(4). List the prime factors of (-20)/8*(1 - 27/x).
2
Suppose 3*z + 504 = -y + 7326, 4*z - 13642 = -2*y. List the prime factors of y.
3, 2273
Suppose x + 5*z + 1709 = 4*x, 2*x - 4*z - 1140 = 0. Suppose x = 4*j - 372. What are the prime factors of j?
5, 47
Suppose 18390 = 10*b - 9*b + u, b = -3*u + 18390. What are the prime factors of b?
2, 3, 5, 613
List the prime factors of -26275*((-24)/4 - -5) + (-6 - -11).
2, 3, 5, 73
Let m be (-10)/(-25) + (-408)/20. Let b = 70 + m. Let c = b - -209. What are the prime factors of c?
7, 37
Suppose -2*n + 2*j = 4*j - 514, 0 = n + 2*j - 254. Suppose 0*k - 3*q = 5*k - 1282, 3*q + n = k. List the prime factors of k.
257
Let c(h) = -2*h**3 - 181*h**2 - 245*h + 194. List the prime factors of c(-90).
2, 13, 17
Let l = 89671 - 38894. List the prime factors of l.
50777
List the prime factors of (204/(-272))/((-1)/7044).
3, 587
Let x(a) be the second derivative of -115*a**3/6 - 3*a**2 - a. Let n be x(-1). Let w = n - -40. List the prime factors of w.
149
Let b(i) = -i**3 + 11*i**2 + 11*i + 12. Let q be b(9). Suppose -5*z - 8*z + q = 0. Suppose z*h - 18*h = 279. What are the prime factors of h?
3, 31
Suppose 4*p + 124 = -4*l - 152, p + 39 = 5*l. Let c = p + 630. Suppose 0 = -2*f - 136 + c. List the prime factors of f.
5, 43
Let w(u) = -u**3 + 39*u**2 - u + 38. Let m be w(39). What are the prime factors of (-1032)/m + (-15)/(75/(-10))?
2, 11, 47
List the prime factors of (306/(-187))/6 - 68940/(-11).
3, 2089
Let o(c) = -c**3 + 7*c**2 + 3*c - 9. Let x be o(7). Let z be (35/42)/(2/x). Suppose z*p - y = 472, 2*p + 3*p + 2*y = 466. What are the prime factors of p?
2, 47
Let q(h) be the second derivative of -13/2*h**2 + 31*h + 0 + 38/3*h**3. List the prime factors of q(2).
139
Let z be 72 - (-4 - (-12)/3). Suppose z*x - 5 = 71*x. Suppose 546 + 239 = x*w. What are the prime factors of w?
157
Let f(k) = 688*k**2 - 49*k + 125. What are the prime factors of f(4)?
10937
Let y(h) = -h**3 - 17*h**2 - 23*h + 19. Let p be y(-19). Suppose 5*w = p + 427. What are the prime factors of w?
3, 107
Let g(y) = 24*y + 4. Let z be g(0). Suppose -2*p - 5550 = -4*m, 0 = -5*m + 8*m + z*p - 4168. List the prime factors of m.
2, 347
Let v(a) = a**2 + 12*a - 3. Let t(f) = 6*f + 1. Let w be t(-1). Let u be v(w). Let n = 57 + u. List the prime factors of n.
19
Suppose 37*l = 43*l - 67392. Suppose 91*b - 103*b = -l. What are the prime factors of b?
2, 3, 13
Let p(k) = 94*k**2 - 8*k - 9. Let q be p(-7). List the prime factors of q/188 + -2*1/(-8).
5
Suppose 2*t = 8*t - 18. What are the prime factors of (t + 50)*(9 + -1)?
2, 53
Let z(a) = 8295*a**2 + 271*a + 270. What are the prime factors of z(-1)?
2, 11, 13, 29
Suppose -3*q = 4*o - 24, 0 = -2*o + 4*q - 10. Suppose 954 = 3*w + 3*p - p, 1289 = 4*w - o*p. List the prime factors of w.
2, 5
Let c(t) = 272*t**2 - 2. Let w = 153 - 152. What are the prime factors of c(w)?
2, 3, 5
Let k = -10426 - -26792. What are the prime factors of k?
2, 7, 167
Suppose -144 = -39*l + 31*l. Suppose 0 = -2*s - 3*v + 1788, 0 = -15*s + l*s + 5*v - 2684. List the prime factors of s.
2, 3, 37
Let g(w) = -21*w - 4. Suppose r = -2*r - 15. Let q be g(r). Let u = q + -4. What are the prime factors of u?
97
Let y(h) = -452*h - 2303. List the prime factors of y(-50).
20297
Suppose -13*t + 3982 - 13147 = 0. Let k = t - -1544. List the prime factors of k.
839
Suppose 9*a + 6 = 6. List the prime factors of (a - 2)/((-22)/5621).
7, 73
Suppose -5*u = 2*p - 10929, 4*p - 69*u - 21819 = -66*u. What are the prime factors of p?
3, 17, 107
Suppose 0 = -4*g + 894 + 346. Suppose -8*t + 3*t + g = 0. What are the prime factors of (t - -1) + (0 - -1*2)?
5, 13
Suppose 5*f - 31 = 3*z, -8*f + 3*f = z - 23. Let d be -7 - (z + -4 + 1). What are the prime factors of ((-3)/d)/3*2060/5?
2, 103
Let x = 618 - 601. Suppose -4*d - x*d = -37233. List the prime factors of d.
3, 197
Suppose q - g - 2959 = 0, 6*g - 3*g - 8847 = -3*q. List the prime factors of q.
2, 7, 211
Let k be 2 + -2 + (5 - -5). Let p(q) = 14*q**2 - 31*q + 37. List the prime factors of p(k).
7, 23
Suppose -640 = -12*u + 4*u. Suppose -4*t = 25 - 145. Let r = t + u. List the prime factors of r.
2, 5, 11
Let k = -75 + 77. Let i be 404 - 0/4*k/(-6). Suppose 6*x - 2*x + i = 2*w, 193 = w + x. List the prime factors of w.
2, 7
Suppose 6*o = 11*o, 327 = 3*a + 5*o. Let t = a - 6. What are the prime factors of t?
103
Let b(r) = 17*r**2 + 2*r - 43. Let u be b(-20). Suppose -10*d + 4373 + u = 0. List the prime factors of d.
1109
Let w = -373 - -365. List the prime factors of (-25051)/(-52) - 2/w.
2, 241
Let i(x) = -139*x + 2146. List the prime factors of i(8).
2, 11, 47
Let g = -31317 + 52650. List the prime factors of g.
3, 13, 547
Let c(h) = 2*h**2 - 6*h + 3. Let s be c(1). List the prime factors of (s + -561)*(-5 + (-36)/(-8)).
281
Let v be -3 - (-4076 - (7 + -10)). Suppose 0 = -2*l - 3*l + v. List the prime factors of l.
2, 11, 37
Suppose -3069443 + 752547 = -8*f. What are the prime factors of f/510 + 4/30?
2, 71
Suppose 0 = 128*n - 159*n + 780394. List the prime factors of n.
2, 41, 307
Let f(s) = 47*s - 3. Suppose -o - g - 3 = g, 5*o - 13 = 4*g. Let r be f(o). Suppose 2*d - r = 58. What are the prime factors of d?
3, 17
List the prime factors of (6272/(-42) + -1)/((-1)/15).
5, 11, 41
Let t = -28949 + 29647. List the prime factors of t.
2, 349
Suppose 76*x = 79*x - 45. Suppose 2*z + x*l - 860 = 14*l, 0 = 5*z - 2*l - 2159. List the prime factors of z.
431
Suppose 0*k - 5*l + 780 = -5*k, 788 = -5*k + 3*l. Let i be (-4025)/(-14) - (-1)/2. Let c = i + k. List the prime factors of c.
2
Suppose i + 2*o = -251, o - 499 = 5*i + 712. Let a = i - -786. What are the prime factors of a?
3, 181
What are the prime factors of 56618 + 66/588